
2
What is the tens digit of 126?
2
What is the units digit of 1682?
2
What is the tens digit of 6350?
5
What is the tens digit of 1389?
8
What is the tens digit of 1580?
8
What is the hundreds digit of 2484?
4
What is the ten thousands digit of 47756?
4
What is the units digit of 344?
4
What is the thousands digit of 2796?
2
What is the thousands digit of 18262?
8
What is the tens digit of 2218?
1
What is the ten thousands digit of 25267?
2
What is the thousands digit of 8456?
8
What is the tens digit of 1012?
1
What is the thousands digit of 7997?
7
What is the tens digit of 105579?
7
What is the hundreds digit of 2272?
2
What is the thousands digit of 55253?
5
What is the units digit of 107919?
9
What is the ten thousands digit of 36465?
3
What is the tens digit of 19620?
2
What is the tens digit of 3252?
5
What is the thousands digit of 2218?
2
What is the thousands digit of 17216?
7
What is the units digit of 33525?
5
What is the tens digit of 3300?
0
What is the ten thousands digit of 22700?
2
What is the tens digit of 20828?
2
What is the thousands digit of 55068?
5
What is the units digit of 301?
1
What is the units digit of 702?
2
What is the hundreds digit of 26745?
7
What is the hundreds digit of 7867?
8
What is the thousands digit of 24558?
4
What is the hundreds digit of 2332?
3
What is the hundreds digit of 1389?
3
What is the units digit of 1638?
8
What is the units digit of 587?
7
What is the tens digit of 57539?
3
What is the thousands digit of 1127?
1
What is the hundreds digit of 4664?
6
What is the ten thousands digit of 18565?
1
What is the hundred thousands digit of 155604?
1
What is the thousands digit of 1659?
1
What is the hundreds digit of 6255?
2
What is the hundreds digit of 1153?
1
What is the thousands digit of 1839?
1
What is the units digit of 26784?
4
What is the thousands digit of 6560?
6
What is the hundreds digit of 1643?
6
What is the units digit of 1313?
3
What is the units digit of 353?
3
What is the thousands digit of 9348?
9
What is the hundreds digit of 1410?
4
What is the tens digit of 4237?
3
What is the ten thousands digit of 11286?
1
What is the ten thousands digit of 15843?
1
What is the hundreds digit of 291?
2
What is the tens digit of 339?
3
What is the units digit of 4809?
9
What is the tens digit of 14334?
3
What is the ten thousands digit of 36387?
3
What is the hundreds digit of 1324?
3
What is the units digit of 857?
7
What is the units digit of 3126?
6
What is the units digit of 293?
3
What is the tens digit of 254?
5
What is the hundreds digit of 2997?
9
What is the hundreds digit of 8731?
7
What is the tens digit of 8396?
9
What is the thousands digit of 6576?
6
What is the units digit of 2520?
0
What is the ten thousands digit of 32239?
3
What is the hundreds digit of 75332?
3
What is the hundreds digit of 459?
4
What is the ten thousands digit of 65991?
6
What is the hundreds digit of 7961?
9
What is the hundreds digit of 104?
1
What is the thousands digit of 22579?
2
What is the units digit of 518?
8
What is the ten thousands digit of 67764?
6
What is the units digit of 739?
9
What is the ten thousands digit of 16439?
1
What is the hundreds digit of 3282?
2
What is the thousands digit of 9837?
9
What is the ten thousands digit of 10711?
1
What is the tens digit of 23913?
1
What is the tens digit of 373?
7
What is the tens digit of 4151?
5
What is the thousands digit of 143459?
3
What is the hundreds digit of 3877?
8
What is the hundreds digit of 7339?
3
What is the ten thousands digit of 16620?
1
What is the units digit of 258?
8
What is the thousands digit of 4115?
4
What is the ten thousands digit of 11886?
1
What is the units digit of 16752?
2
What is the thousands digit of 5384?
5
What is the units digit of 18269?
9
What is the hundreds digit of 7279?
2
What is the ten thousands digit of 96930?
9
What is the hundreds digit of 94402?
4
What is the thousands digit of 71769?
1
What is the units digit of 15376?
6
What is the thousands digit of 10245?
0
What is the hundreds digit of 802?
8
What is the units digit of 358?
8
What is the hundred thousands digit of 108733?
1
What is the units digit of 3943?
3
What is the hundreds digit of 51315?
3
What is the tens digit of 1850?
5
What is the units digit of 1605?
5
What is the ten thousands digit of 40348?
4
What is the tens digit of 423?
2
What is the tens digit of 348?
4
What is the tens digit of 834?
3
What is the units digit of 165?
5
What is the hundreds digit of 11407?
4
What is the units digit of 19081?
1
What is the units digit of 1548?
8
What is the tens digit of 45?
4
What is the hundreds digit of 2873?
8
What is the hundreds digit of 19564?
5
What is the hundreds digit of 5302?
3
What is the ten thousands digit of 56619?
5
What is the hundreds digit of 1043?
0
What is the tens digit of 4746?
4
What is the tens digit of 3258?
5
What is the units digit of 2470?
0
What is the units digit of 2350?
0
What is the thousands digit of 13473?
3
What is the hundreds digit of 3627?
6
What is the thousands digit of 1176?
1
What is the hundreds digit of 1126?
1
What is the thousands digit of 12916?
2
What is the units digit of 1270?
0
What is the tens digit of 1782?
8
What is the units digit of 3045?
5
What is the hundreds digit of 41474?
4
What is the hundreds digit of 4821?
8
What is the units digit of 12073?
3
What is the hundreds digit of 10393?
3
What is the units digit of 154?
4
What is the units digit of 32478?
8
What is the tens digit of 131698?
9
What is the units digit of 96?
6
What is the hundreds digit of 1207?
2
What is the hundreds digit of 2277?
2
What is the hundreds digit of 953?
9
What is the ten thousands digit of 31591?
3
What is the tens digit of 41122?
2
What is the tens digit of 928?
2
What is the tens digit of 637?
3
What is the hundreds digit of 34758?
7
What is the tens digit of 9938?
3
What is the hundreds digit of 8223?
2
What is the units digit of 394?
4
What is the ten thousands digit of 17029?
1
What is the units digit of 880?
0
What is the units digit of 50433?
3
What is the hundreds digit of 164?
1
What is the units digit of 97642?
2
What is the thousands digit of 4225?
4
What is the thousands digit of 7642?
7
What is the units digit of 2389?
9
What is the tens digit of 72388?
8
What is the hundreds digit of 6166?
1
What is the units digit of 3629?
9
What is the ten thousands digit of 59314?
5
What is the units digit of 116?
6
What is the hundreds digit of 417?
4
What is the thousands digit of 14670?
4
What is the hundreds digit of 92527?
5
What is the ten thousands digit of 17124?
1
What is the tens digit of 269?
6
What is the thousands digit of 81000?
1
What is the units digit of 83995?
5
What is the thousands digit of 4076?
4
What is the hundreds digit of 20350?
3
What is the thousands digit of 67783?
7
What is the thousands digit of 6265?
6
What is the tens digit of 2347?
4
What is the hundreds digit of 688?
6
What is the thousands digit of 2188?
2
What is the hundreds digit of 10357?
3
What is the units digit of 105?
5
What is the units digit of 6530?
0
What is the tens digit of 1912?
1
What is the hundreds digit of 7795?
7
What is the thousands digit of 54517?
4
What is the units digit of 5348?
8
What is the ten thousands digit of 10051?
1
What is the tens digit of 30462?
6
What is the hundreds digit of 69989?
9
What is the hundreds digit of 220?
2
What is the hundreds digit of 1803?
8
What is the hundreds digit of 326?
3
What is the thousands digit of 2153?
2
What is the thousands digit of 8454?
8
What is the tens digit of 292?
9
What is the hundreds digit of 62027?
0
What is the units digit of 18184?
4
What is the thousands digit of 2354?
2
What is the units digit of 3993?
3
What is the hundreds digit of 968?
9
What is the units digit of 9364?
4
What is the tens digit of 2294?
9
What is the tens digit of 3891?
9
What is the tens digit of 854?
5
What is the hundreds digit of 89707?
7
What is the tens digit of 103?
0
What is the tens digit of 1566?
6
What is the thousands digit of 4040?
4
What is the units digit of 8509?
9
What is the hundreds digit of 10925?
9
What is the tens digit of 3550?
5
What is the hundreds digit of 727?
7
What is the hundreds digit of 29110?
1
What is the tens digit of 308